st common factor of 1875 and 3630.
15
What is the highest common factor of 744 and 147684?
372
What is the greatest common divisor of 18630 and 501147?
1863
Calculate the greatest common divisor of 60975 and 24705.
45
What is the highest common factor of 2720 and 11425360?
1360
What is the greatest common factor of 715933 and 461?
461
Calculate the greatest common factor of 2032 and 3200.
16
Calculate the greatest common factor of 2587140 and 90.
90
Calculate the greatest common divisor of 25438 and 253.
23
Calculate the greatest common divisor of 344 and 1591.
43
Calculate the greatest common factor of 35897 and 1.
1
What is the highest common factor of 9590 and 140?
70
What is the highest common factor of 44528 and 726?
242
Calculate the greatest common divisor of 7 and 14036.
1
Calculate the greatest common factor of 56603 and 15341.
529
What is the greatest common factor of 103 and 5733083?
103
Calculate the greatest common divisor of 9216 and 1116.
36
What is the greatest common factor of 230 and 105110?
230
Calculate the highest common factor of 748 and 6116.
44
Calculate the highest common divisor of 5752267 and 31.
31
What is the highest common factor of 189 and 478170?
189
Calculate the highest common divisor of 1028 and 5848292.
1028
Calculate the highest common divisor of 984 and 878466.
246
What is the highest common factor of 878876 and 230?
46
Calculate the greatest common divisor of 34879 and 2725928.
2683
What is the greatest common divisor of 200 and 81008?
8
Calculate the highest common factor of 325640 and 4480.
280
What is the highest common factor of 2236 and 3698?
86
Calculate the greatest common factor of 313066 and 182.
26
Calculate the greatest common divisor of 96782 and 9982.
434
What is the highest common divisor of 2223 and 39159?
171
Calculate the highest common divisor of 12 and 607083.
3
What is the greatest common divisor of 1128411 and 54?
27
What is the greatest common factor of 122944 and 612?
68
Calculate the highest common factor of 576 and 21240.
72
What is the greatest common factor of 304219 and 109?
109
Calculate the greatest common divisor of 291480 and 4200.
840
What is the greatest common divisor of 3380 and 16055?
845
What is the greatest common factor of 8 and 27836?
4
What is the greatest common factor of 22873 and 16999?
89
Calculate the highest common divisor of 3555 and 251865.
45
Calculate the greatest common divisor of 177 and 44427.
177
Calculate the greatest common factor of 18590 and 676.
338
What is the highest common factor of 306 and 161143?
17
Calculate the highest common factor of 68 and 586806.
34
Calculate the greatest common divisor of 157117 and 413.
59
Calculate the greatest common factor of 21 and 24241.
7
Calculate the greatest common factor of 172 and 22102.
86
Calculate the greatest common factor of 13273 and 832.
13
Calculate the greatest common factor of 115 and 5889955.
115
Calculate the highest common divisor of 2288 and 341.
11
Calculate the greatest common factor of 31460 and 4420.
260
What is the greatest common divisor of 193240 and 80?
40
Calculate the highest common divisor of 2369458 and 28.
14
Calculate the greatest common factor of 13770 and 20315.
85
Calculate the highest common factor of 73 and 134831.
73
What is the greatest common factor of 29 and 709949?
29
Calculate the greatest common divisor of 462 and 3003231.
231
What is the highest common factor of 1353044 and 308?
308
Calculate the highest common factor of 545346 and 450.
18
Calculate the greatest common divisor of 16 and 9692.
4
What is the highest common divisor of 556196 and 4220?
844
What is the highest common divisor of 12 and 99792?
12
Calculate the highest common divisor of 38137 and 77.
11
What is the highest common divisor of 6848 and 15301?
107
What is the highest common divisor of 323490 and 30?
30
What is the greatest common factor of 9250 and 481?
37
Calculate the greatest common factor of 1492 and 6341.
373
What is the highest common factor of 965217 and 363?
363
Calculate the highest common divisor of 1425 and 441275.
475
Calculate the greatest common divisor of 947012 and 11.
11
Calculate the greatest common divisor of 6063 and 20511.
129
Calculate the highest common factor of 60248 and 1496.
136
Calculate the greatest common divisor of 451934 and 45873.
1699
Calculate the greatest common divisor of 452433 and 115.
23
Calculate the highest common divisor of 6272 and 21.
7
Calculate the greatest common factor of 590 and 1050.
10
What is the highest common factor of 308 and 91420?
28
What is the greatest common factor of 14131 and 676?
13
What is the greatest common divisor of 57984 and 28416?
384
What is the greatest common divisor of 4 and 855548?
4
Calculate the highest common factor of 110428 and 133.
19
Calculate the highest common factor of 2307454 and 124.
62
What is the greatest common divisor of 175151 and 272?
17
Calculate the greatest common factor of 6324 and 3813.
93
Calculate the highest common factor of 4 and 36364.
4
Calculate the greatest common divisor of 708864 and 21584.
1136
What is the greatest common factor of 11520 and 435?
15
Calculate the highest common divisor of 322 and 2352854.
322
What is the highest common divisor of 134928 and 6768?
144
What is the greatest common factor of 435441 and 519?
519
What is the highest common divisor of 65953 and 1313?
101
Calculate the highest common divisor of 18 and 5797746.
18
Calculate the highest common factor of 5972 and 5.
1
What is the greatest common divisor of 4023 and 189?
27
Calculate the highest common factor of 1722 and 492.
246
What is the highest common divisor of 44009 and 112?
7
Calculate the highest common divisor of 6048 and 270.
54
What is the greatest common factor of 1298 and 2183?
59
What is the greatest common divisor of 36542 and 3146?
242
What is the greatest common factor of 423412 and 88?
44
What is the greatest common factor of 199356 and 2997?
111
What is the highest common divisor of 100831 and 59?
59
What is the highest common factor of 13170 and 5000?
10
Calculate the greatest common factor of 3600 and 26000.
400
What is the highest common factor of 177888 and 1734?
102
What is the greatest common factor of 2668 and 6486?
46
Calculate the highest common factor of 537784 and 78.
26
Calculate the highest common divisor of 40800 and 51425.
425
What is the greatest common divisor of 10166526 and 354?
354
What is the highest common divisor of 365 and 223088?
73
Calculate the highest common divisor of 5106 and 1221.
111
What is the highest common divisor of 229447 and 1194?
199
What is the greatest common divisor of 9184 and 1640?
328
Calculate the highest common factor of 23026195 and 95.
95
What is the greatest common factor of 130 and 33605?
65
Calculate the highest common factor of 48 and 41712.
48
What is the highest common divisor of 4719 and 246840?
363
Calculate the greatest common factor of 20086 and 41624.
242
Calculate the highest common divisor of 144711 and 112.
7
Calculate the greatest common factor of 38912 and 25916.
76
What is the highest common divisor of 58138 and 6381?
709
What is the greatest common factor of 42292 and 388?
388
What is the greatest common divisor of 92390 and 2?
2
Calculate the greatest common factor of 1596 and 3244.
4
Calculate the greatest common factor of 169539 and 651.
93
What is the highest common factor of 168 and 198744?
168
What is the highest common factor of 11956 and 976?
244
Calculate the highest common divisor of 1074546 and 99.
99
Calculate the highest common factor of 630 and 668430.
630
Calculate the greatest common factor of 373274 and 418.
418
Calculate the greatest common divisor of 205789 and 19.
19
What is the highest common divisor of 9585 and 3621?
213
What is the highest common divisor of 9295 and 110?
55
What is the greatest common divisor of 47232 and 1024?
128
What is the greatest common divisor of 128 and 116084?
4
Calculate the greatest common factor of 96 and 209928.
24
Calculate the greatest common factor of 60587 and 86.
43
What is the greatest common factor of 26331 and 1572?
393
What is the greatest common divisor of 620 and 1587510?
310
What is the greatest common factor of 310452 and 12?
12
What is the greatest common d